t common divisor of 432 and 222894192.
48
Calculate the highest common divisor of 5928865 and 18030.
3005
Calculate the greatest common factor of 280 and 81859040.
40
Calculate the highest common factor of 5392574 and 93.
31
What is the highest common factor of 180296 and 2832392?
5816
What is the highest common divisor of 1532 and 8928879?
383
What is the greatest common factor of 663 and 256555041?
51
What is the highest common divisor of 48804246 and 408?
102
What is the greatest common factor of 520 and 186225?
65
What is the highest common divisor of 2179 and 43773931?
2179
What is the highest common divisor of 2868300889 and 73?
73
What is the highest common factor of 38412 and 727407?
9
Calculate the highest common factor of 1029234281 and 34.
17
What is the greatest common factor of 160 and 774424?
8
Calculate the greatest common factor of 1456 and 1351056.
112
What is the highest common factor of 6199806 and 1113033?
1929
Calculate the highest common factor of 10261 and 475316.
331
Calculate the greatest common divisor of 2098971 and 56.
7
Calculate the greatest common factor of 572633 and 1.
1
Calculate the highest common divisor of 26250 and 3143875.
875
Calculate the greatest common factor of 10431 and 11715172.
1159
Calculate the highest common divisor of 4015 and 306892.
73
What is the highest common factor of 91969112 and 4302?
478
Calculate the highest common factor of 66531 and 1323987.
201
What is the greatest common divisor of 58806 and 2569968?
486
Calculate the greatest common divisor of 126276 and 955117.
619
What is the greatest common factor of 835838 and 11426?
58
What is the greatest common divisor of 2838665844 and 294?
294
What is the greatest common factor of 2592 and 731008?
32
Calculate the highest common factor of 19801416 and 48.
24
Calculate the greatest common divisor of 530683 and 91352.
601
What is the greatest common divisor of 1263 and 37363329?
1263
Calculate the greatest common divisor of 49564112 and 78.
26
Calculate the greatest common factor of 9178 and 177730558.
706
What is the greatest common divisor of 799776 and 656?
16
What is the greatest common divisor of 1916 and 46886915?
479
Calculate the greatest common divisor of 191731 and 80878.
109
Calculate the greatest common divisor of 808580 and 2260.
20
Calculate the greatest common divisor of 89489 and 12317.
109
What is the greatest common divisor of 801 and 82085590?
89
Calculate the highest common divisor of 245 and 112278775.
35
What is the greatest common divisor of 254725497 and 1599?
1599
Calculate the highest common divisor of 27910 and 11675.
5
Calculate the highest common factor of 94632 and 48408.
24
What is the highest common factor of 2191733062 and 6254?
6254
What is the highest common divisor of 3483680 and 8?
8
Calculate the greatest common divisor of 8424037 and 587.
587
Calculate the highest common factor of 665 and 2702237.
19
What is the highest common divisor of 111916 and 60956?
196
What is the highest common factor of 2448 and 2003824?
272
Calculate the greatest common factor of 775699 and 2571797.
2447
What is the highest common divisor of 172 and 1673699363?
43
What is the greatest common factor of 69549830 and 2842?
406
What is the greatest common factor of 5712276 and 60?
12
Calculate the greatest common factor of 1968 and 30022701.
123
What is the highest common factor of 76 and 235556?
4
What is the greatest common divisor of 11652 and 36588?
12
What is the highest common divisor of 129438735 and 380?
95
What is the greatest common factor of 1914 and 3543278?
58
What is the greatest common factor of 1576069 and 4142?
19
Calculate the highest common factor of 1302 and 229806.
6
Calculate the greatest common divisor of 1600 and 29776.
16
Calculate the greatest common factor of 1071 and 153366741.
153
Calculate the highest common factor of 809939 and 481.
13
Calculate the greatest common divisor of 168 and 1322636.
28
What is the greatest common factor of 92 and 49121146?
46
Calculate the highest common divisor of 15356423 and 34867.
4981
What is the highest common divisor of 637 and 21677747?
637
What is the highest common factor of 1384785 and 2115?
45
What is the highest common divisor of 85955493 and 1217?
1217
What is the highest common factor of 404790 and 7214170?
1310
Calculate the greatest common divisor of 369386671 and 3897.
433
Calculate the highest common factor of 1716 and 411352656.
1716
Calculate the greatest common factor of 10833 and 666465.
471
Calculate the highest common divisor of 149 and 1503490460.
149
What is the greatest common divisor of 314146 and 994?
14
What is the greatest common factor of 7345683 and 615?
123
What is the highest common divisor of 2800 and 30146620?
140
What is the highest common factor of 23968 and 285797?
107
What is the greatest common divisor of 80818 and 78472?
34
Calculate the greatest common divisor of 7611 and 34874487.
177
Calculate the highest common factor of 9 and 21559869.
9
Calculate the highest common factor of 3817198 and 201837.
3541
Calculate the highest common divisor of 108905 and 49869020.
4735
What is the highest common factor of 62 and 2348610499?
31
Calculate the highest common divisor of 935 and 3422661.
187
What is the highest common factor of 35126 and 1940120?
182
Calculate the greatest common divisor of 6138560 and 30.
10
What is the highest common factor of 180 and 5240904?
12
What is the greatest common divisor of 271 and 31633830?
271
Calculate the greatest common divisor of 2374652232 and 24.
24
Calculate the greatest common divisor of 283065054 and 12.
6
Calculate the highest common factor of 12462688 and 45080.
1288
What is the greatest common factor of 675 and 973638?
9
What is the highest common divisor of 294532641 and 2691?
2691
What is the highest common factor of 151884334 and 518?
518
Calculate the highest common factor of 58072199 and 1795.
359
What is the highest common divisor of 303633 and 58707?
99
What is the greatest common factor of 5691331835 and 35?
35
Calculate the greatest common divisor of 18860272 and 360.
8
What is the greatest common factor of 1775109 and 10549?
959
Calculate the greatest common factor of 60613 and 1522747.
1237
What is the greatest common factor of 31604067 and 891?
297
Calculate the greatest common divisor of 8384 and 483376.
16
What is the greatest common divisor of 616842038 and 4852?
2426
What is the greatest common factor of 1862 and 15991738?
98
Calculate the greatest common divisor of 521040 and 351368.
1336
What is the highest common factor of 838413858 and 37?
37
Calculate the greatest common divisor of 37110423 and 5754.
2877
Calculate the highest common factor of 3591881 and 470.
47
Calculate the greatest common divisor of 11 and 749485022.
11
Calculate the highest common divisor of 119547 and 4041.
9
Calculate the highest common divisor of 38776 and 76111.
131
What is the highest common factor of 297808 and 28168?
56
What is the highest common factor of 7702523 and 15723?
1747
What is the highest common divisor of 213 and 51569288?
71
What is the highest common divisor of 16185 and 1297290?
1245
What is the highest common factor of 26892 and 3388890?
498
What is the greatest common factor of 31764305 and 1550?
155
What is the highest common factor of 932 and 5316361?
233
What is the highest common divisor of 606 and 9123734?
202
Calculate the greatest common divisor of 3556 and 528217130.
1778
What is the greatest common divisor of 1062402 and 5940?
66
What is the greatest common divisor of 121498861 and 814?
407
What is the highest common factor of 375078 and 5874?
66
What is the highest common divisor of 34 and 13838450?
2
What is the greatest common factor of 5537 and 10381084?
791
What is the greatest common factor of 2200 and 987184?
88
What is the highest common factor of 3577 and 1086751?
73
Calculate the greatest common divisor of 29937108 and 7476.
1068
Calculate the highest common divisor of 278812940 and 100.
20
Calculate the greatest common divisor of 20 and 4816224.
4
What is the greatest common divisor of 28 and 110022164?
28
What is the greatest common factor of 143 and 8673533?
11
Calculate the highest common divisor of 416155 and 1.
1
Calculate the highest common f